40 and 39034615?
9935
Calculate the greatest common divisor of 832 and 149695.
13
What is the greatest common factor of 22725252 and 2376?
1188
What is the highest common factor of 408895 and 515?
5
What is the greatest common divisor of 24444 and 186340?
28
What is the greatest common divisor of 2076642 and 93654?
774
Calculate the greatest common divisor of 685107 and 171.
9
Calculate the highest common divisor of 950 and 4512.
2
Calculate the greatest common factor of 984432 and 480.
48
Calculate the highest common divisor of 30831176 and 10904.
232
Calculate the greatest common factor of 9042241 and 267683.
4537
What is the greatest common factor of 74216736 and 792?
792
What is the greatest common divisor of 160 and 56166630?
10
Calculate the greatest common factor of 188157 and 9728.
19
What is the greatest common divisor of 11309 and 139793?
43
Calculate the greatest common divisor of 69322698 and 730.
146
What is the highest common factor of 115 and 90040860?
115
What is the highest common divisor of 78324 and 6016182?
642
What is the highest common factor of 1408 and 22606034?
22
What is the greatest common factor of 9580 and 156531452?
1916
What is the greatest common factor of 1071 and 233076681?
153
What is the highest common factor of 1928227 and 217?
7
What is the greatest common divisor of 104385 and 104805?
15
What is the highest common divisor of 1016228 and 37284?
956
What is the greatest common factor of 854 and 7711256?
14
What is the highest common divisor of 176 and 19029328?
16
What is the greatest common divisor of 211217812 and 4?
4
What is the greatest common divisor of 423 and 33239340?
423
What is the greatest common factor of 3885 and 12734475?
555
What is the highest common factor of 7801309 and 2497?
227
Calculate the greatest common divisor of 69 and 4066561.
23
What is the highest common divisor of 6346 and 655652?
38
What is the highest common divisor of 71331 and 46965?
93
Calculate the greatest common divisor of 30940 and 908700.
260
Calculate the greatest common factor of 21896 and 32249680.
3128
What is the greatest common factor of 371180 and 3330?
10
What is the greatest common divisor of 324600957 and 239?
239
Calculate the greatest common factor of 156 and 1694226.
6
Calculate the highest common divisor of 13035471 and 5162.
29
Calculate the greatest common divisor of 1063 and 86914069.
1063
Calculate the greatest common divisor of 367392 and 29928.
1032
Calculate the highest common divisor of 59328 and 210624.
192
Calculate the greatest common factor of 6230496 and 1248.
96
Calculate the highest common divisor of 4428 and 201900.
12
What is the highest common factor of 85408 and 442?
34
Calculate the greatest common factor of 49234 and 282498.
478
What is the greatest common factor of 1475595 and 225?
45
Calculate the highest common factor of 8105758 and 46.
2
Calculate the highest common factor of 8267 and 107863.
7
What is the highest common factor of 192396149 and 1561?
223
What is the highest common divisor of 9690 and 128280?
30
What is the highest common divisor of 480238 and 9794?
166
Calculate the highest common divisor of 56125 and 16613.
449
What is the highest common divisor of 59524 and 48998604?
2588
What is the greatest common divisor of 85158080 and 64?
64
What is the greatest common factor of 221 and 9049066?
221
Calculate the greatest common factor of 872 and 119947960.
872
What is the highest common factor of 4375156 and 468?
4
What is the greatest common divisor of 316 and 38951029?
79
What is the highest common factor of 38 and 8912558?
38
Calculate the highest common factor of 51450 and 94.
2
What is the greatest common factor of 207380825 and 489?
163
Calculate the greatest common divisor of 11599336 and 774.
86
Calculate the highest common factor of 1954638 and 1386.
126
What is the highest common divisor of 24792 and 125976?
24
Calculate the greatest common factor of 128463808 and 16566.
5522
What is the highest common divisor of 2770678 and 11462?
1042
What is the greatest common factor of 6297580 and 1000?
20
Calculate the highest common factor of 204 and 322718174.
34
Calculate the highest common divisor of 16688240 and 4044.
1348
What is the highest common factor of 414 and 3060846?
18
Calculate the highest common factor of 456 and 770042754.
114
Calculate the greatest common divisor of 204292 and 68442.
22
Calculate the highest common divisor of 12 and 9542310.
6
Calculate the greatest common factor of 28101 and 1190073.
87
What is the greatest common factor of 176379789 and 921?
921
What is the greatest common factor of 125260274 and 9424?
1178
Calculate the greatest common factor of 110134829 and 9028.
2257
Calculate the highest common divisor of 35880 and 181880.
40
Calculate the greatest common divisor of 4337283 and 2329.
137
Calculate the highest common divisor of 31161448 and 248.
248
Calculate the highest common factor of 7024224 and 1824.
1824
Calculate the highest common divisor of 51911486 and 8162.
1166
Calculate the greatest common divisor of 22113610 and 688.
86
Calculate the greatest common factor of 19731033 and 38893.
2047
What is the highest common factor of 2605375 and 197125?
2375
What is the highest common factor of 8720 and 2190464?
1744
Calculate the greatest common divisor of 112 and 22393014.
14
What is the highest common divisor of 2231560 and 2256?
376
What is the greatest common divisor of 2275799820 and 1865?
1865
What is the highest common divisor of 1025509352 and 1582?
1582
Calculate the greatest common factor of 5208 and 152153580.
372
What is the greatest common factor of 18165061 and 255?
17
Calculate the highest common factor of 166470184 and 12256.
3064
Calculate the greatest common divisor of 15 and 1992891.
3
What is the highest common divisor of 5000 and 119576?
8
What is the highest common divisor of 40288 and 9961?
1
Calculate the highest common factor of 22086 and 14583304.
818
What is the greatest common divisor of 76436572 and 22471?
977
What is the greatest common divisor of 14314 and 594452?
842
What is the highest common factor of 1024212 and 14481012?
7476
Calculate the highest common divisor of 147 and 99453.
3
What is the highest common divisor of 2662274 and 84332?
1454
Calculate the greatest common divisor of 2682 and 835902.
18
What is the greatest common divisor of 190717917 and 3991?
3991
Calculate the greatest common factor of 56 and 14026796.
28
Calculate the highest common divisor of 1184342 and 104020.
1486
Calculate the greatest common factor of 80925345 and 45.
45
What is the highest common divisor of 3080 and 4448840?
440
Calculate the highest common factor of 132858 and 47641.
671
What is the highest common factor of 580 and 1743160?
20
What is the highest common divisor of 30 and 4113405540?
30
What is the highest common factor of 416 and 9100624?
208
Calculate the greatest common factor of 210560 and 61040.
560
Calculate the greatest common factor of 66 and 1231432554.
66
What is the highest common divisor of 337916338 and 5846?
5846
Calculate the greatest common factor of 19396690 and 30.
10
Calculate the highest common factor of 2520 and 1683864.
504
What is the greatest common divisor of 159284806 and 4111?
4111
Calculate the highest common divisor of 2111835 and 2915.
55
What is the greatest common factor of 323326 and 2050?
82
What is the greatest common divisor of 9253454 and 16807?
2401
What is the highest common divisor of 3072 and 9326848?
256
Calculate the highest common divisor of 177 and 2548876287.
177
What is the highest common factor of 9184 and 1061648?
112
What is the highest common divisor of 28424 and 216828931?
3553
Calculate the greatest common divisor of 2714 and 4680706.
118
What is the highest common factor of 11844 and 1184796?
36
What is the highest common divisor of 27 and 1186695?
9
What is the highest common divisor of 59090 and 49495?
95
What is the greatest common factor of 98944 and 20772056?
6184
What is the greatest common divisor of 96080667 and 3?
3
Calculate the greatest common divisor of 1299 and 2445.
3
Calculate the highest common factor of 5819017 and 1072.
67
What is the greatest common divisor of 137262 and 138?
6
Calculate the highest common divisor of 57888 a